d and l.
9
Suppose -3*w + 2*c + 142 = 0, w - 5*w + 3*c = -191. Suppose 6*q - 3*q - 33 = 0. What is the highest common factor of q and w?
11
Let c = 11 - 15. Let h be (0 + -2)/(c/(-10)). Let w = h - -11. What is the highest common factor of 66 and w?
6
Suppose 5*m + 32 = 4*z, z + 3*m + 5 = -4. Suppose -k - y = z*k - 21, k - 2*y = 3. Let t be 88/k - (-4)/10. What is the greatest common factor of t and 2?
2
Let u = 23 + 117. Let p = -30 + 50. Calculate the highest common divisor of u and p.
20
Suppose -8*r + 5*r + 33 = 0. Calculate the greatest common factor of 44 and r.
11
Suppose 6*n = 2*n + 92. Let j = -13 + n. What is the highest common divisor of j and 20?
10
Let h be 0 + (-2 - -2)/(-2). Suppose t - 13 + 0 = h. Suppose 2*l + 3*l - 111 = -g, 5*g = l + 451. What is the greatest common divisor of t and g?
13
Let d = 221 - 131. What is the greatest common divisor of d and 36?
18
Let z(d) = 2*d**2 - 9*d + 12. Let q be z(4). Calculate the highest common factor of q and 8.
8
Suppose -99 = -4*i + 81. What is the greatest common factor of 15 and i?
15
Suppose 0 = 4*z + y - 125, 6*y = -z + 2*y + 35. What is the highest common divisor of 31 and z?
31
Let c(q) = q + 12. Let y be c(-10). What is the highest common divisor of y and 22?
2
Let g be (-22)/(-3) - 2/(-3). Suppose -4 = -3*x + g. Calculate the highest common divisor of x and 44.
4
Suppose -i + 75 = -3*f, -4*i - 5*f = i - 275. What is the greatest common factor of i and 10?
10
Let d be ((-20)/12)/((-2)/54). Let s(g) = -12*g + 1. Let q be s(1). Let o = 7 - q. What is the highest common divisor of d and o?
9
Suppose -3 = 2*b - 3*b + i, 5*b + 4*i = -21. Let p be b/4*-2*10. Let g(q) = q**2 - 5*q + 3. Let f be g(p). What is the highest common factor of f and 1?
1
Let i = 26 + -20. Let o be 1/(-4) + (-1)/(-4). Let v be (o - i/(-9))*6. What is the greatest common factor of v and 16?
4
Suppose 0*t - 5*p = -t + 458, p = 3*t - 1416. Calculate the greatest common divisor of 43 and t.
43
Let u = 28 + -9. What is the greatest common factor of u and 171?
19
Let y be (-11)/(-6)*(1 + 5). What is the highest common factor of 77 and y?
11
Suppose 5*l - l + 200 = 0. Let u = -28 - l. Let h(k) = -k**3 - k**2 - 2*k - 1. Let d be h(-4). Calculate the highest common divisor of d and u.
11
Let l be ((-50)/(-8))/(-2 - (-9)/4). Calculate the greatest common factor of l and 5.
5
Let u = 61 - -29. What is the highest common divisor of u and 30?
30
Suppose 28 + 7 = 5*z. What is the highest common divisor of z and 77?
7
Suppose 3*q - 3 = -d - 2, -3*q + 4*d = 4. Suppose q = h - 32 + 11. Calculate the greatest common factor of 7 and h.
7
Let w be (-3 - (-20 - 1)) + -3. Let a(l) = 2*l**3 - 4*l**2 + 4*l. Suppose -y + 5 - 2 = 0. Let u be a(y). Calculate the greatest common factor of w and u.
15
Suppose 6 = 2*h - 4. Let d(c) = c - 2. Let q be d(h). Let f(a) = -a**3 - 3*a**2 + 2*a - 5. Let g be f(-4). Calculate the greatest common factor of g and q.
3
Let g(v) = 3*v**3 + v**2 - 1. Let b be g(1). Suppose -3*c + 0*z = z - 12, -b = -3*c + 2*z. Suppose 2*n - c = -n. What is the greatest common factor of n and 2?
1
Let c = -44 + 77. Calculate the highest common divisor of c and 99.
33
Let f(m) = -7*m - 2. Let n be f(-4). Suppose -g = 3*g - 144. Let h = g - n. Calculate the highest common divisor of h and 30.
10
Let c(n) = n**3 - 7*n**2 + 3*n - 11. Let z be c(7). Calculate the greatest common factor of z and 50.
10
Let h be -41*(2 + (0 - 3)). Suppose b + 81 = 3*b - 5*j, -h = -b + 3*j. Calculate the highest common divisor of 95 and b.
19
Let i = -101 + 143. What is the greatest common factor of i and 14?
14
Suppose 0 = -15*h + 195. What is the greatest common factor of h and 247?
13
Suppose -6*b - 8 = -7*b. What is the highest common factor of b and 72?
8
Suppose 5*o = 2*n + 83 + 52, -3*n = 4*o - 108. What is the greatest common factor of 9 and o?
9
Let f be 0 - -1 - (-8 + 0). Suppose p + l = 62, l + 21 = p - 43. Calculate the highest common factor of p and f.
9
Suppose -2*t - 156 = t - 5*w, -w - 91 = 2*t. Let k = -23 - t. Calculate the highest common divisor of 3 and k.
3
Suppose -4*n = -42 - 38. What is the highest common factor of n and 100?
20
Suppose -2*x - 3*n + 40 = 0, -6*x + 2*x + 82 = 5*n. What is the greatest common factor of 23 and x?
23
Let r(q) = 2*q + 1. Let c be r(12). Calculate the greatest common factor of c and 75.
25
Suppose g = 5*b + 23, -3 = -5*g - 0*b - 3*b. Suppose -18 = -3*k - g*h, -4*h + 0 = -4. What is the highest common divisor of k and 5?
5
Suppose 5*d - b - 748 = 0, 0 = 3*d - 3*b + 98 - 542. What is the greatest common factor of d and 30?
30
Let g = -49 - -84. Suppose -r = 4*r - g. Let s = 1 + 0. Calculate the highest common divisor of s and r.
1
Suppose 2*v - 6*v + 172 = 0. Suppose -2*n + 46 = -2*j - 0*j, v = n - 5*j. Let q(k) = 10*k - 1. Let i be q(1). Calculate the highest common divisor of i and n.
9
Let h = -6 - 0. Let q be (0 - h - 2) + -1. Suppose -2*c - 8 = 0, c = -0*n - 3*n + 14. Calculate the highest common divisor of n and q.
3
Suppose -z + 118 = 5*l + 3*z, 4*l = -2*z + 92. Let m = 117 - l. Let t = -25 + 63. Calculate the highest common divisor of t and m.
19
Let a(i) = -10*i - 3. Let y be a(-2). Let l be -2 + 6*(-46)/(-2). Calculate the highest common divisor of y and l.
17
Let a = 1 + 25. What is the greatest common factor of 286 and a?
26
Let y(n) = -9*n - 20. Let w be y(-8). What is the greatest common factor of w and 13?
13
Let a(l) = l**3 + 11*l**2 + 9*l - 5. Let h be a(-10). What is the highest common factor of h and 5?
5
Let p = 11 + 125. What is the greatest common factor of p and 17?
17
Let s = 18 - 5. Calculate the greatest common factor of s and 13.
13
Let d be (-16)/12*(-15)/2. Let j = d + -2. Let l = 12 - 8. Calculate the highest common divisor of l and j.
4
Suppose 3*s + 6020 = -2*s. Let m be (s/2)/(-2) - -2. Suppose -m = -w - 2*w - 3*x, 4*w + x - 389 = 0. Calculate the greatest common divisor of w and 12.
12
Suppose 8 = -4*u + 2*b, -8 = -5*u - 5*b + 12. Suppose u = d + 3*d - 8. Suppose d*z = 4*z - 16. Calculate the greatest common divisor of z and 88.
8
Let l = 44 + -23. Let g be l/3 - (-4)/(-2). Suppose 0*j = -g*p - 3*j + 25, 0 = 5*p + 2*j - 20. What is the greatest common divisor of p and 22?
2
Let w(z) = z**3 - 6*z**2 + 5*z + 6. Let y be w(5). Suppose 5*j - 18 = h, 0 = -5*j - y*h + h. Let k = 0 + j. What is the greatest common divisor of k and 3?
3
Let q be 58/(-4) + (-2)/(-4). Let d = 21 + q. What is the highest common divisor of 77 and d?
7
Let g(w) = -w**2 - 16*w - 38. Let i be g(-13). Calculate the greatest common divisor of i and 19.
1
Suppose -522 = 5*i - 542. Suppose -4*w + 46 + 2 = 0. What is the greatest common divisor of w and i?
4
Suppose 6*x - 2*x = 3*g + 34, -x = -2*g - 16. Let t = 0 - g. What is the greatest common divisor of t and 15?
3
Let y(s) = s + 90. Let m be y(0). Suppose 2*h = -j + 20, 5*j + 4*h - m + 20 = 0. Calculate the greatest common divisor of 15 and j.
5
Let t be (-248)/(-6) + (-16)/12. What is the greatest common factor of t and 5?
5
Let c(v) = -4 + 4*v - 3 + 6 - v. Let u be c(3). Suppose -190 = -3*y - 5*z, u*y - 4*z - 232 = 4*y. Calculate the greatest common divisor of 15 and y.
15
Let n = 19 + -9. Let p(y) be the first derivative of 6*y**3 - 2*y - 3. Let v be p(-2). What is the greatest common factor of v and n?
10
Let n = -74 - -51. Let u = n + 37. What is the greatest common factor of 2 and u?
2
Suppose 0 = 2*y - 3 - 1. Suppose -5*g = -4*o - 50, o - 25 = y*o + 5*g. Let h = o + 43. Calculate the greatest common factor of 7 and h.
7
Let v = -30 - -48. Calculate the greatest common factor of 6 and v.
6
Let j be 2/(-7) - 48/28. Let m be 0 - 12/(j - 2). Calculate the greatest common divisor of 27 and m.
3
Let y(m) = -m + 7. Let q be y(0). Let d = 12 - q. Suppose -3*c = d*t - 37, c + c + 3*t - 25 = 0. Calculate the greatest common divisor of c and 126.
14
Suppose 2*i + 4*s - 18 - 6 = 0, 4*i + 5*s = 51. Calculate the greatest common factor of 56 and i.
14
Let g(w) = -w + 56. Let r be ((-2 - -2)*1)/2. Let x be g(r). Suppose 2*n = -0*n + 14. Calculate the highest common factor of x and n.
7
Suppose 0 = -5*q, -2*q - 3*q = 5*f - 520. Suppose 7*d - f = 4*d + 2*t, -d + 5*t + 13 = 0. Calculate the highest common factor of 19 and d.
19
Let o be -28*(328/(-224